{"id":362,"date":"2018-04-08T20:02:38","date_gmt":"2018-04-08T18:02:38","guid":{"rendered":"http:\/\/oneday.berlin\/?post_type=product&#038;p=362"},"modified":"2018-04-15T02:06:05","modified_gmt":"2018-04-15T00:06:05","slug":"magballs","status":"publish","type":"product","link":"https:\/\/oneday.berlin\/?product=magballs","title":{"rendered":"magballs"},"content":{"rendered":"<p>Achtung: Vertrieb erfolgt \u00fcber einen Drittanbieter und dessen Bedingungen bzw. AGB. Somit sind etwaige Anspr\u00fcche an uns nicht statthaft.<\/p>\n","protected":false},"excerpt":{"rendered":"<p><span style=\"font-family: 'Arial','sans-serif'; font-size: 14pt;\"><span style=\"color: #000000;\">Unsere Weltneuheit, die beim Marken- und Patentamt in M\u00fcnchen registrierten magnetischen Golfb\u00e4lle, \u201ehalten\u201c was sie versprechen. <\/span><\/span><span style=\"font-family: 'Arial','sans-serif'; font-size: 14pt;\"><span style=\"color: #000000;\">Bisher war es ja leider so, dass Ihre kostbaren Logob\u00e4lle meist im Wasser, Rough oder zu schnell im Golfballnirvana verloren gegangen sind. <\/span><\/span><\/p>\n<p><span style=\"font-family: 'Arial','sans-serif'; font-size: 14pt;\"><span style=\"color: #000000;\">Damit ist nun Schlu\u00df!<\/span><\/span><\/p>\n<p><span style=\"font-family: 'Arial','sans-serif'; font-size: 14pt;\"><span style=\"color: #000000;\">Dank unserer magnetischen \u201emagballs\u201c bleibt Ihr Werbe- und\/oder Imagetransfer genau dort wo er hingeh\u00f6rt, n\u00e4mlich bei Ihrer Zielgruppe. <\/span><\/span><span style=\"font-family: 'Arial','sans-serif'; font-size: 14pt;\"><span style=\"color: #000000;\">Ob am K\u00fchlschrank, Monitor, der Magnetwand oder einem anderen Lieblingsplatz Ihrer Zielgruppe, Ihre Werbebotschaft bleibt erhalten. <\/span><\/span><span style=\"font-family: 'Arial','sans-serif'; font-size: 14pt;\"><span style=\"color: #000000;\">Und das Wochen, Monate \u2013 ja sogar Jahre.<\/span><\/span><\/p>\n<p><span style=\"font-family: 'Arial','sans-serif'; font-size: 14pt;\"><span style=\"color: #000000;\">Verw\u00f6hnen auch Sie noch in diesem Jahr Ihre Golfzielgruppe und ihre Kunden mit dem sympathischen und wohl au\u00dfergew\u00f6hnlichsten Tee-Geschenk. <\/span><\/span><\/p>\n<p><span style=\"font-family: 'Arial','sans-serif'; font-size: 14pt;\"><span style=\"color: #000000;\">Wir k\u00f6nnen vorhandene Golfb\u00e4lle magnetisieren oder selbstverst\u00e4ndlich nach Ihren W\u00fcnschen bedrucken und magnetisieren. <\/span><\/span><\/p>\n","protected":false},"featured_media":365,"comment_status":"open","ping_status":"closed","template":"","meta":[],"product_cat":[20,92],"product_tag":[],"_links":{"self":[{"href":"https:\/\/oneday.berlin\/index.php?rest_route=\/wp\/v2\/product\/362"}],"collection":[{"href":"https:\/\/oneday.berlin\/index.php?rest_route=\/wp\/v2\/product"}],"about":[{"href":"https:\/\/oneday.berlin\/index.php?rest_route=\/wp\/v2\/types\/product"}],"replies":[{"embeddable":true,"href":"https:\/\/oneday.berlin\/index.php?rest_route=%2Fwp%2Fv2%2Fcomments&post=362"}],"wp:featuredmedia":[{"embeddable":true,"href":"https:\/\/oneday.berlin\/index.php?rest_route=\/wp\/v2\/media\/365"}],"wp:attachment":[{"href":"https:\/\/oneday.berlin\/index.php?rest_route=%2Fwp%2Fv2%2Fmedia&parent=362"}],"wp:term":[{"taxonomy":"product_cat","embeddable":true,"href":"https:\/\/oneday.berlin\/index.php?rest_route=%2Fwp%2Fv2%2Fproduct_cat&post=362"},{"taxonomy":"product_tag","embeddable":true,"href":"https:\/\/oneday.berlin\/index.php?rest_route=%2Fwp%2Fv2%2Fproduct_tag&post=362"}],"curies":[{"name":"wp","href":"https:\/\/api.w.org\/{rel}","templated":true}]}}