{"id":455,"date":"2018-04-08T19:50:23","date_gmt":"2018-04-08T17:50:23","guid":{"rendered":"http:\/\/oneday.berlin\/?post_type=product&#038;p=455"},"modified":"2018-04-09T12:08:29","modified_gmt":"2018-04-09T10:08:29","slug":"sven-van-thom-so-geht-gute-laune-cd","status":"publish","type":"product","link":"https:\/\/oneday.berlin\/?product=sven-van-thom-so-geht-gute-laune-cd","title":{"rendered":"Sven van Thom \u2013 So geht gute Laune (CD)"},"content":{"rendered":"","protected":false},"excerpt":{"rendered":"<p>Mit \u201eSo geht gute Laune\u201c erschien im August 2015 endlich der dritte Longplayer von Sven van Thom. Und wer in der Vergangenheit Sven van Thoms sarkastische Sichtweise auf Mensch und Gesellschaft sch\u00e4tzen oder gar lieben gelernt hat, der wird aufgrund der fast schon \u00fcberschw\u00e4nglichen Aussage des Albumtitels vielleicht ein wenig verwirrt sein und sich fragen, woher denn dieser pl\u00f6tzliche Optimismus und diese Lebensfreude r\u00fchren.<\/p>\n","protected":false},"featured_media":456,"comment_status":"open","ping_status":"closed","template":"","meta":[],"product_cat":[40,38],"product_tag":[36,37],"_links":{"self":[{"href":"https:\/\/oneday.berlin\/index.php?rest_route=\/wp\/v2\/product\/455"}],"collection":[{"href":"https:\/\/oneday.berlin\/index.php?rest_route=\/wp\/v2\/product"}],"about":[{"href":"https:\/\/oneday.berlin\/index.php?rest_route=\/wp\/v2\/types\/product"}],"replies":[{"embeddable":true,"href":"https:\/\/oneday.berlin\/index.php?rest_route=%2Fwp%2Fv2%2Fcomments&post=455"}],"wp:featuredmedia":[{"embeddable":true,"href":"https:\/\/oneday.berlin\/index.php?rest_route=\/wp\/v2\/media\/456"}],"wp:attachment":[{"href":"https:\/\/oneday.berlin\/index.php?rest_route=%2Fwp%2Fv2%2Fmedia&parent=455"}],"wp:term":[{"taxonomy":"product_cat","embeddable":true,"href":"https:\/\/oneday.berlin\/index.php?rest_route=%2Fwp%2Fv2%2Fproduct_cat&post=455"},{"taxonomy":"product_tag","embeddable":true,"href":"https:\/\/oneday.berlin\/index.php?rest_route=%2Fwp%2Fv2%2Fproduct_tag&post=455"}],"curies":[{"name":"wp","href":"https:\/\/api.w.org\/{rel}","templated":true}]}}